 a + 6. Let h(l) = 2*l - 41. Let j be h(16). Determine u(j).
-3
Let c be 21/6 + (-1)/2. Let z(o) = -1 - c - 15*o + 16*o. Determine z(5).
1
Let r(h) = -5*h - 20. Let a be r(-5). Let n(w) be the third derivative of 1/120*w**6 - 1/20*w**a + 0 + 0*w + 1/2*w**3 + 1/24*w**4 + 3*w**2. Determine n(3).
6
Let a(l) = 2*l**2 - l + 2. Let n be a(0). Let f(y) = 3*y - 2. Give f(n).
4
Suppose 5*k - 6 = 2*k. Let l = k - -1. Let h(z) = -l*z + 4*z + 10 - 4. Determine h(-3).
3
Let y(u) = 4*u**2 - 4*u**3 + 2 + u - 5 + 5*u**3 + 0*u**3. Give y(-4).
-7
Let a be 12/8 + 2/4. Let r = a - 2. Suppose 0 = -r*y - 2*y. Let u(p) = -p**3 + p + 2. Calculate u(y).
2
Let x(l) = -l**3 - 8*l**2 - 8*l - 6. Suppose -2*t - 34 = 5*m, 5*m = 4*m - 4. Determine x(t).
1
Let j(h) = -h**2 + 9*h. Let c(r) = -r + 1. Let a(o) = 5*c(o) + j(o). Suppose 1 + 15 = 4*b. Determine a(b).
5
Suppose 23 = -4*w - 1. Let p(g) = -g**2 - 5*g + 1. Calculate p(w).
-5
Let w(j) = -7*j - 3 + 0*j**3 + j**3 - j**2 - j**2 - 3*j**2. What is w(6)?
-9
Let y(h) = 9*h**3 - 4 + 3*h**3 - 11*h**3. Suppose -3*x + 3 = 2*s, 2*s - x = x - 2. What is y(s)?
-4
Let o(r) = r**3 + r - 2. Suppose -3*v = 9, -2*z = -4*v + 3*v - 3. Give o(z).
-2
Let t = 15 + -12. Let q(a) = a**3 - 2*a**2 - a - 1. Determine q(t).
5
Let d(o) = 322 - 3*o + 9*o - 323. Give d(-3).
-19
Suppose -8 = 4*v, -b - 4 = -3*b - v. Suppose -3*l + 12 = b. Let f(y) = -7*y + 7 + l*y + 3*y. What is f(4)?
3
Let p(j) be the third derivative of j**5/30 + j**4/12 - j**3/2 + 4*j**2. Let i(z) be the first derivative of p(z). Calculate i(-2).
-6
Let v(b) be the second derivative of b**3/6 + 5*b**2/2 - 15*b. Suppose 5*n - 11 = -1. Suppose -4*t + 8*r - 3*r - 25 = 0, 2*r = n. Give v(t).
0
Let m(h) = 4*h - 3*h - 2*h. Suppose -6*y = -y + 5. Let g be (y - (1 + -1))*-2. Calculate m(g).
-2
Let f(m) = -4*m + 4. Let t be f(2). Let r(j) = -j**3 - 3*j**2 + 5*j + 6. Determine r(t).
2
Let s(b) be the first derivative of b**3/3 - b**2/2 - 3*b - 2. Let x = 6 + -8. Let i(d) = d**2 - 3. Let z(v) = x*s(v) + 3*i(v). What is z(-3)?
0
Let q(s) = s**3 - 4*s**2 + 2*s - 3. Suppose 0 = 2*l + 2*l. Let g be (-3 + 0)/(-1 - l). Determine q(g).
-6
Let n(y) be the first derivative of -y**4/4 + 8*y**3/3 + 5*y**2 + 8*y + 11. Give n(9).
17
Let a(w) = 8 - 7*w**2 + w**3 + 2*w**3 - 4*w**3 + w + 0*w**2. Give a(-7).
1
Suppose 0 = -4*o - 3*f - 1, -4*f - 5 + 25 = 0. Let v(n) = -n**2 - 2*n - 4. Determine v(o).
-12
Let u be 3 + -6*1 + 3. Let b(w) be the third derivative of 2*w**2 + 1/24*w**4 + u + 0*w - 1/60*w**5 - 3/2*w**3. Give b(0).
-9
Let f(n) = -n - 7. Suppose 2*j = 2*p, 4*j = -5*p + 2*j - 21. What is f(p)?
-4
Let x be (0/(-3) - 0) + -6. Let w = -4 - x. Let r(k) be the second derivative of -2*k**3/3 + k**2/2 - k. Give r(w).
-7
Let t(w) = -w**3 + 4*w**2 + 1. Let c(u) = 7. Let o(g) = g - 14. Let r(f) = 5*c(f) + 3*o(f). Let l be r(7). Suppose 6 - l = -4*h. Give t(h).
9
Let y(a) = -2*a**3 - 2*a**2 + 3*a + 2. Let z be y(-2). Suppose -m - 14 = -n - 2*n, 5*m - 6 = -z*n. Let w(d) = 0 + 5 + n - d. What is w(5)?
4
Let w(r) = -r**2 + 6*r + 2. Suppose -z + 3*z - 17 = -3*c, 0 = 3*z - c - 20. Give w(z).
-5
Let j(m) = m**2 + 4*m - 3. Let f be 3/2*(-4)/1. Give j(f).
9
Let x(j) be the first derivative of -11*j**4/4 - j**3/3 + 13. Calculate x(1).
-12
Let r(o) = -o**2 + 13*o + 5. Let y = -11 - -24. Let a be r(y). Let c(u) = -4*u + 5. Calculate c(a).
-15
Let y(j) = -5*j + 2 - 3 + 23*j + 2. Give y(1).
19
Let q(a) = -6*a - a**2 - 3138 - a + 3144. Determine q(-6).
12
Let r(t) be the third derivative of -1/60*t**5 + 0*t**3 + 0*t + 1/720*t**6 + 3*t**2 + 0 + 1/12*t**4. Let v(s) be the second derivative of r(s). Calculate v(-2).
-4
Let r be -2 - (3 + -4) - 1. Let u(a) = -a. Let f(l) = 3*l. Let y(c) = -2*f(c) - 10*u(c). What is y(r)?
-8
Let m(p) be the third derivative of p**4/24 - p**3/3 - 3*p**2. Let y be m(5). Let k(d) = d + 2*d**2 - d**2 + 4*d**3 - 1 - 3*d**y. Determine k(0).
-1
Let d(r) = -4*r**3 - 2*r**2 - r + 7. Let f(x) = 5*x**3 + 3*x**2 + x - 8. Let o(n) = 4*d(n) + 3*f(n). Determine o(0).
4
Let s(f) = 16*f - 19. Suppose 3*w - 8*w = 10. Let r(c) be the third derivative of -c**4/8 + 2*c**3/3 - c**2. Let g(q) = w*s(q) - 11*r(q). Determine g(0).
-6
Let y(d) = 4*d**3 + 2*d**2 - 1. Suppose 0 = -2*l - 23 + 21. Determine y(l).
-3
Suppose 4*k + 20 = 4. Let b(t) = t**3 + 4*t**2 - 3*t - 5. Calculate b(k).
7
Let c = -6 + 19. Suppose -5*y + 2 + c = 0. Let d(v) = 5 + 0 + 3*v + 5*v**2 + 0 - v**2 - v**y. Determine d(5).
-5
Let b = 47 + -47. Let a(l) = l**2 - 15. Determine a(b).
-15
Suppose r - 3*r = 3*p - 14, -4*r = 4*p - 24. Let d(n) = 2*n**3 - n**2 + 2*n - 2. What is d(p)?
14
Let v(q) = q**2 - 6*q + 7. Let h be v(5). Let w(k) = 6 + 4*k - h*k - 3*k. Let u be ((-4)/30 + 20/150)/2. Calculate w(u).
6
Let g(w) be the first derivative of w**4/12 + 5*w + 5. Let b(h) be the first derivative of g(h). Give b(-1).
1
Let x = 0 - -3. Let a(z) = -6*z**2 - 3*z - 7. Suppose -4*f = 8, -4*r + 2*r = 5*f. Let n(y) = -y**2 - y - 1. Let p(j) = r*n(j) - a(j). What is p(x)?
5
Let c(y) be the second derivative of -y**3/3 - 15*y**2/2 + 18*y. Calculate c(-10).
5
Let r(i) be the first derivative of i**3/3 - 5*i**2/2 - 2. Let d = -4 + 6. Let w be d - (-1 + (-2 - -2)). Determine r(w).
-6
Let t(n) be the third derivative of n**5/60 - n**4/6 + 5*n**3/6 + 11*n**2. Determine t(4).
5
Let y(j) = -5*j - 6. Let m(i) = -16*i - 18. Let s(p) = 3*m(p) - 10*y(p). Determine s(-7).
-8
Let s(b) = -b + 1. Let r be -2*(6 - 1 - 3). Determine s(r).
5
Let w(x) = -2*x**2 - 3*x + 7. Let h = 4 + -7. Let p(g) = 1. Let f be (-2 + 0)*(-1)/2. Let d(l) = f*w(l) + h*p(l). What is d(-3)?
-5
Let i(f) = -f**2 + 4*f - 1. Let y be 166/34 + (6 - 800/136). Give i(y).
-6
Let x(y) = -y**2 - 6*y + 7. Let h be x(-7). Let t be 10/(-4)*(h - 2). Let n(f) = 2 + 1 + t*f - f**2 - 2. What is n(4)?
5
Let n(c) = 3*c**2 + 7*c - 2. Let b be n(-5). Let v be b/(-10) + 1/(-5). Let x(f) = 2 + f + 9 - 2. Give x(v).
5
Let f = -121 - -118. Let z(l) = -7*l**2 - 8*l - 2. Let t be 1 - 4/((-2)/2). Let o(u) = -6*u**2 - 7*u - 1. Let a(q) = t*o(q) - 4*z(q). Give a(f).
-6
Let x be ((-6)/8 - (-45)/(-20))*-1. Let k(c) be the first derivative of -1/3*c**x + 8*c + 3 + 2*c**2. Give k(6).
-4
Let c(x) = -2*x - 5*x**2 - 2*x**2 - 3*x - 3*x**2. Let h(r) = 9*r**2 + 4*r. Let j(g) = -4*c(g) - 5*h(g). Calculate j(-1).
-5
Let y(x) be the first derivative of -x**3/3 - x**2 + 3*x - 68. Let t(i) = i + 1. Let g be t(-4). What is y(g)?
0
Let z = -13 + 14. Let h(g) be the first derivative of -11*g**3/3 - g**2/2 + g + 9. Determine h(z).
-11
Let z(f) = -f**2 + 4*f + 1. Let y be z(5). Let v = 0 - y. Let q(x) = -v + 3*x**2 + 2 + 0*x**2 - 2*x**3 + 0. What is q(2)?
-6
Let i(s) = -4*s. Let y(t) = -t**2 + 4*t - 2. Let o be y(4). Let a be o/6*6/(-2). Suppose -1 = d + a. Give i(d).
8
Let g(l) = l**3 + 4*l**2 - 3*l - 2. Let w = -12 - -8. Calculate g(w).
10
Let p(d) = d**2. Let i(c) = -c**3 + c**2. Let s(z) = 4*i(z) - 5*p(z). Let y(x) = x**3 + 6*x**2 + 4*x - 6. Let j be y(-5). Calculate s(j).
3
Let v(i) = -i**2 + 2*i + 3. Let s(t) = t - 16. Let q be s(-11). Let r be 1/(-2) + q/18. Calculate v(r).
-5
Let p(d) = -d - 3 - d + 6. Let h(b) = -b**3 - 5*b**2 - 4*b + 1. Let a be h(-2). Calculate p(a).
9
Let k(z) = z**3 + z**2 + z. Let v(l) = -5*l**3 - 6*l**2 + l - 2. Let y(o) = -4*k(o) - v(o). Give y(-4).
-10
Let p be ((-8)/48)/(3/(-9)). Let h(s) be the first derivative of -4 + 3*s - p*s**2. What is h(3)?
0
Let m(w) be the third derivative of w**5/60 - w**4/12 - w**3/2 + 4*w**2. Give m(5).
12
Let r be ((-6)/18)/(1/(-12)). Let c(s) = 2*s**2 - 2*s - 1. Let z be c(2). Let j(x) = -2*x**3 + 1 + x**3 + 2 + z*x**2 + 2*x. Determine j(r).
-5
Let l(i) = i**3 + 6*i**2 + 4*i - 5. Let z be l(-5). Let v(c) be the third derivative of -c**5/60 + c**4/24 - 5*c**3/6 - 3*c**2. Determine v(z).
-5
Let o(f) be the first derivative of -f**4/4 - 4*f**3/3 + 3*f**2 + 5*f - 12. Suppose 2*b - 8 = -2*b, -b = 2*c + 8. What is o(c)?
0
Suppose 0 = -5*b - 2*v + 10, 0 = 4*b + v - 2*v - 8. Let z(q) = -6*q**2 + 2*q - 4. Let n(i) = -7*i**2 + 3*i - 5. Let y(r) = 2*n(r) - 3*z(r). What is y(b)?
18
Suppose 2*v = 4*v - 8. Let w(j) = -j**2 + 5*j + 3. Give w(v).
7
Let y(a) = 3*a**3 - 2*a**2 - a. Let u be -1 + (-3 - -1) - -2. Let c be y(u). Let q(n) = n**3 + 4*n**2 - 3*n - 6. Calculate q(c).
6
Suppose 0 = 2*g - 10 + 2. Suppos